 21476?
True
Is 131520 a multiple of 64?
True
Does 13 divide 44148?
True
Is 2957 a multiple of 93?
False
Is 251 a multiple of 6?
False
Is 874 a multiple of 46?
True
Is 10 a factor of 190?
True
Is 9 a factor of 84451?
False
Does 24 divide 5760?
True
Is 638 a multiple of 11?
True
Does 9 divide 52?
False
Does 5 divide 320?
True
Does 43 divide 8463?
False
Does 104 divide 42687?
False
Is 60 a multiple of 15?
True
Does 24 divide 10968?
True
Is 11 a factor of 22308?
True
Does 199 divide 18482?
False
Is 115 a factor of 724?
False
Is 54 a factor of 18905?
False
Is 1344 a multiple of 32?
True
Is 55 a factor of 15345?
True
Is 33 a factor of 649?
False
Does 25 divide 1443?
False
Does 27 divide 2916?
True
Is 6804 a multiple of 18?
True
Is 4814 a multiple of 58?
True
Is 1752 a multiple of 14?
False
Does 79 divide 79?
True
Does 84 divide 39060?
True
Is 863 a multiple of 39?
False
Is 6 a factor of 43652?
False
Does 84 divide 9660?
True
Is 82878 a multiple of 173?
False
Is 4797 a multiple of 56?
False
Does 32 divide 3808?
True
Is 4 a factor of 2405?
False
Is 34338 a multiple of 6?
True
Does 8 divide 112?
True
Is 12 a factor of 926?
False
Is 73 a multiple of 2?
False
Does 78 divide 468?
True
Does 28 divide 1644?
False
Is 2869 a multiple of 35?
False
Is 54 a factor of 1095?
False
Is 5 a factor of 3090?
True
Is 82 a factor of 28061?
False
Is 14381 a multiple of 26?
False
Does 24 divide 2443?
False
Does 19 divide 37?
False
Is 34 a factor of 5197?
False
Is 26 a factor of 3640?
True
Is 16 a factor of 1894?
False
Does 23 divide 1590?
False
Does 22 divide 1725?
False
Is 4 a factor of 1668?
True
Does 8 divide 32520?
True
Does 175 divide 42344?
False
Is 17 a factor of 71486?
False
Is 12 a factor of 1884?
True
Is 474 a multiple of 6?
True
Does 51 divide 5049?
True
Is 80713 a multiple of 14?
False
Does 35 divide 2589?
False
Is 2784 a multiple of 87?
True
Is 14 a factor of 1417?
False
Does 23 divide 615?
False
Is 15 a factor of 3045?
True
Does 46 divide 867?
False
Is 9 a factor of 4068?
True
Is 75810 a multiple of 190?
True
Does 2 divide 334?
True
Does 339 divide 58647?
True
Is 619 a multiple of 17?
False
Is 70 a factor of 53295?
False
Is 148 a multiple of 37?
True
Is 8 a factor of 227?
False
Is 28 a factor of 3521?
False
Does 6 divide 36239?
False
Is 41211 a multiple of 19?
True
Is 71 a factor of 284?
True
Does 6 divide 413?
False
Is 176 a factor of 5456?
True
Is 29711 a multiple of 13?
False
Is 2 a factor of 588?
True
Does 32 divide 15648?
True
Does 11 divide 341?
True
Does 27 divide 14008?
False
Does 12 divide 16884?
True
Is 38 a factor of 48?
False
Is 15840 a multiple of 66?
True
Is 12 a factor of 279?
False
Does 112 divide 46795?
False
Is 10 a factor of 3752?
False
Does 19 divide 4408?
True
Is 150 a factor of 7950?
True
Does 19 divide 11286?
True
Is 96556 a multiple of 239?
True
Is 52 a factor of 4056?
True
Is 11 a factor of 112475?
True
Does 113 divide 3200?
False
Is 360 a multiple of 16?
False
Is 1344 a multiple of 21?
True
Is 12 a factor of 4627?
False
Is 11 a factor of 18667?
True
Is 10176 a multiple of 16?
True
Is 48 a factor of 3480?
False
Is 5 a multiple of 5?
True
Does 113 divide 38712?
False
Is 3416 a multiple of 17?
False
Is 143 a factor of 12584?
True
Does 16 divide 3336?
False
Is 113 a factor of 50398?
True
Is 12 a factor of 3444?
True
Is 9 a factor of 1557?
True
Is 42 a factor of 134?
False
Is 14848 a multiple of 160?
False
Does 22 divide 6024?
False
Is 4 a factor of 324?
True
Is 9 a factor of 3072?
False
Does 75 divide 480?
False
Does 53 divide 33072?
True
Is 6534 a multiple of 11?
True
Is 4911 a multiple of 163?
False
Is 19008 a multiple of 108?
True
Is 5494 a multiple of 131?
False
Does 6 divide 976?
False
Does 121 divide 160?
False
Is 263 a factor of 7627?
True
Is 6092 a multiple of 83?
False
Is 1478 a multiple of 7?
False
Is 211 a multiple of 22?
False
Is 20 a multiple of 20?
True
Does 13 divide 1444?
False
Is 2256 a multiple of 12?
True
Does 188 divide 14327?
False
Does 4 divide 900?
True
Does 106 divide 21306?
True
Is 22 a factor of 604?
False
Is 7895 a multiple of 20?
False
Is 6 a factor of 432?
True
Is 1486 a multiple of 28?
False
Is 5046 a multiple of 38?
False
Is 4797 a multiple of 9?
True
Is 17280 a multiple of 60?
True
Is 15 a factor of 165?
True
Is 15 a factor of 624?
False
Is 12989 a multiple of 31?
True
Does 47 divide 8785?
False
Does 9 divide 1092?
False
Does 6 divide 19?
False
Is 966 a multiple of 8?
False
Is 26 a factor of 104?
True
Is 88 a factor of 4928?
True
Is 2893 a multiple of 37?
False
Is 236 a factor of 30916?
True
Is 15638 a multiple of 7?
True
Is 28 a factor of 2996?
True
Is 93442 a multiple of 131?
False
Is 30 a factor of 690?
True
Is 19107 a multiple of 11?
True
Is 28 a factor of 1131?
False
Is 6 a factor of 312?
True
Does 5 divide 1345?
True
Is 83 a factor of 39881?
False
Is 45594 a multiple of 50?
False
Does 16 divide 11985?
False
Does 15 divide 450?
True
Is 21 a factor of 506?
False
Is 25 a factor of 22575?
True
Is 7854 a multiple of 77?
True
Is 2108 a multiple of 31?
True
Is 8 a factor of 1048?
True
Does 182 divide 48647?
False
Is 51 a factor of 7752?
True
Is 57 a factor of 18959?
False
Is 13990 a multiple of 41?
False
Is 5 a factor of 1224?
False
Does 50 divide 1326?
False
Does 13 divide 377?
True
Does 79 divide 4508?
False
Is 8151 a multiple of 57?
True
Is 2315 even?
False
Is 31 a factor of 908?
False
Is 72 a factor of 15696?
True
Is 17423 a multiple of 142?
False
Does 245 divide 18621?
False
Is 26 a factor of 2704?
True
Does 7 divide 2868?
False
Is 111 a factor of 17760?
True
Is 40212 a multiple of 33?
False
Is 220 a multiple of 20?
True
Is 2 a factor of 5027?
False
Is 1260 a multiple of 10?
True
Is 903 a multiple of 7?
True
Does 6 divide 882?
True
Is 52 a factor of 1763?
False
Does 10 divide 15980?
True
Does 37 divide 223?
False
Is 52 a factor of 108522?
False
Is 1680 a multiple of 70?
True
Does 6 divide 5155?
False
Is 20 a factor of 785?
False
Is 932 a multiple of 68?
False
Is 2 a factor of 2439?
False
Does 139 divide 12371?
True
Is 8842 a multiple of 9?
False
Is 6 a factor of 7874?
False
Does 30 divide 42052?
False
Is 828 a multiple of 9?
True
Does 110 divide 18483?
False
Is 10 a factor of 505?
False
Does 5 divide 615?
True
Is 54 a factor of 633?
False
Does 22 divide 690?
False
Does 54 divide 942?
False
Is 8 a factor of 9193?
False
Does 24 divide 153?
False
Is 17 a factor of 17?
True
Does 33 divide 1848?
True
Is 3 a factor of 611?
False
Is 9 a factor of 2655?
True
Is 26 a factor of 182?
True
Is 7 a factor of 3598?
True
Is 5 a factor of 2044?
False
Is 46 a multiple of 2?
True
Is 22 a factor of 302?
False
Is 20 a multiple of 20?
True
Is 442 a multiple of 147?
False
Does 48 divide 1152?
True
Is 57 a factor of 6368?
False
Does 15 divide 150?
True
Does 4 divide 540?
True
Is 1007 a multiple of 53?
True
Does 38 divide 39492?
False
Is 11 a factor of 75097?
True
Does 8 divide 303?
False
Is 2509 a multiple of 111?
False
Is 1116 a multiple of 12?
True
Is 104 a multiple of 40?
False
Is 9905 a multiple of 7?
True
Does 12 divide 1620?
True
Is 33 a factor of 1947?
True
Does 5 divide 29407?
False
Does 12 divide 115?
False
Is 29 a factor of 32596?
True
Is 8 a factor of 1832?
True
Is 1944 a multiple of 6?
True
Does 14 divide 17879?
False
Is 11437 a multiple of 10?
False
Is 960 a multiple of 21?
False
Is 72 a factor of 936?
True
Is 91 a factor of 2980?
False
Does 45 divide 95650?
False
Does 12 divide 708?
True
Is 29 a factor of 20783?
False
Is 5082 a multiple of 14?
True
Is 1730 even?
True
Is 6 a factor of 612?
True
Is 775 a multiple of 46?
False
Is 93 a multiple of 2?
False
Is 30 a factor of 28470?
True
Does 9 divide 12294?
True
Is 1317 even?
False
Is 2015 a multiple of 23?
False
Is 12 a factor of 51186?
False
Does 16 divide 384?
True
Is 1311 a multiple of 57?
True
Is 10 a factor of 20450?
True
Is 7 a factor of 31430?
True
Does 86 divide 1595?
False
Is 252 a multiple of 2?
True
Does 2 divide 216?
True
Is 15 a factor of 360?
True
Does 51 divide 6426?
True
Is 9 a factor of 28987?
False
Is 119 a multiple of 8?
False
Does 4 divide 1913?
False
Does 2 divide 179?
False
Does 297 divide 20196?
True
Is 9381 a multiple of 6?
False
Is 11 a factor of 1331?
True
Does 12 divide 1387?
False
Does 7 divide 8414?
True
Does 8 divide 952?
True
Doe